{"id":4085,"date":"2025-02-24T11:06:54","date_gmt":"2025-02-24T16:06:54","guid":{"rendered":"https:\/\/www.clermont.edu.co\/?page_id=4085"},"modified":"2026-02-20T08:35:22","modified_gmt":"2026-02-20T13:35:22","slug":"show-cultural","status":"publish","type":"page","link":"https:\/\/www.clermont.edu.co\/index.php\/show-cultural\/","title":{"rendered":"Show Cultural"},"content":{"rendered":"\t\t<div data-elementor-type=\"wp-page\" data-elementor-id=\"4085\" class=\"elementor elementor-4085\">\n\t\t\t\t\t\t<section class=\"elementor-section elementor-top-section elementor-element elementor-element-c84150b elementor-section-boxed elementor-section-height-default elementor-section-height-default\" data-id=\"c84150b\" data-element_type=\"section\" data-settings=\"{&quot;background_background&quot;:&quot;classic&quot;}\">\n\t\t\t\t\t\t<div class=\"elementor-container elementor-column-gap-default\">\n\t\t\t\t\t<div class=\"elementor-column elementor-col-100 elementor-top-column elementor-element elementor-element-2135130\" data-id=\"2135130\" data-element_type=\"column\">\n\t\t\t<div class=\"elementor-widget-wrap elementor-element-populated\">\n\t\t\t\t\t\t<div class=\"elementor-element elementor-element-a84686e elementor-widget elementor-widget-heading\" data-id=\"a84686e\" data-element_type=\"widget\" data-widget_type=\"heading.default\">\n\t\t\t\t<div class=\"elementor-widget-container\">\n\t\t\t\t\t<h1 class=\"elementor-heading-title elementor-size-default\">Show Cultural 2026<\/h1>\t\t\t\t<\/div>\n\t\t\t\t<\/div>\n\t\t\t\t\t<\/div>\n\t\t<\/div>\n\t\t\t\t\t<\/div>\n\t\t<\/section>\n\t\t\t\t<section class=\"elementor-section elementor-top-section elementor-element elementor-element-a4a01bc elementor-section-boxed elementor-section-height-default elementor-section-height-default\" data-id=\"a4a01bc\" data-element_type=\"section\">\n\t\t\t\t\t\t<div class=\"elementor-container elementor-column-gap-default\">\n\t\t\t\t\t<div class=\"elementor-column elementor-col-100 elementor-top-column elementor-element elementor-element-c772c79\" data-id=\"c772c79\" data-element_type=\"column\">\n\t\t\t<div class=\"elementor-widget-wrap elementor-element-populated\">\n\t\t\t\t\t\t<div class=\"elementor-element elementor-element-f72f584 animated-slow elementor-invisible elementor-widget elementor-widget-heading\" data-id=\"f72f584\" data-element_type=\"widget\" data-settings=\"{&quot;_animation&quot;:&quot;zoomIn&quot;}\" data-widget_type=\"heading.default\">\n\t\t\t\t<div class=\"elementor-widget-container\">\n\t\t\t\t\t<h4 class=\"elementor-heading-title elementor-size-default\">S\u00e1bado 14 de marzo <br>\nTeatro de Bellas Artes<\/h4>\t\t\t\t<\/div>\n\t\t\t\t<\/div>\n\t\t\t\t\t<\/div>\n\t\t<\/div>\n\t\t\t\t\t<\/div>\n\t\t<\/section>\n\t\t\t\t<section class=\"elementor-section elementor-top-section elementor-element elementor-element-33bdc27 elementor-section-boxed elementor-section-height-default elementor-section-height-default\" data-id=\"33bdc27\" data-element_type=\"section\">\n\t\t\t\t\t\t\t<div class=\"elementor-background-overlay\"><\/div>\n\t\t\t\t\t\t\t<div class=\"elementor-container elementor-column-gap-default\">\n\t\t\t\t\t<div class=\"elementor-column elementor-col-50 elementor-top-column elementor-element elementor-element-d965a0b\" data-id=\"d965a0b\" data-element_type=\"column\">\n\t\t\t<div class=\"elementor-widget-wrap elementor-element-populated\">\n\t\t\t\t\t\t<div class=\"elementor-element elementor-element-9664b28 animated-slow elementor-invisible elementor-widget elementor-widget-image\" data-id=\"9664b28\" data-element_type=\"widget\" data-settings=\"{&quot;_animation&quot;:&quot;fadeInDown&quot;}\" data-widget_type=\"image.default\">\n\t\t\t\t<div class=\"elementor-widget-container\">\n\t\t\t\t\t\t\t\t\t\t\t\t\t\t\t<img fetchpriority=\"high\" decoding=\"async\" width=\"640\" height=\"903\" src=\"https:\/\/www.clermont.edu.co\/wp-content\/uploads\/2026\/02\/SHOW-CULTURAL-726x1024.png\" class=\"attachment-large size-large wp-image-7433\" alt=\"\" srcset=\"https:\/\/www.clermont.edu.co\/wp-content\/uploads\/2026\/02\/SHOW-CULTURAL-726x1024.png 726w, https:\/\/www.clermont.edu.co\/wp-content\/uploads\/2026\/02\/SHOW-CULTURAL-213x300.png 213w, https:\/\/www.clermont.edu.co\/wp-content\/uploads\/2026\/02\/SHOW-CULTURAL-768x1083.png 768w, https:\/\/www.clermont.edu.co\/wp-content\/uploads\/2026\/02\/SHOW-CULTURAL-1090x1536.png 1090w, https:\/\/www.clermont.edu.co\/wp-content\/uploads\/2026\/02\/SHOW-CULTURAL.png 1240w\" sizes=\"(max-width: 640px) 100vw, 640px\" \/>\t\t\t\t\t\t\t\t\t\t\t\t\t\t\t<\/div>\n\t\t\t\t<\/div>\n\t\t\t\t<div class=\"elementor-element elementor-element-5ab6c62 elementor-widget elementor-widget-heading\" data-id=\"5ab6c62\" data-element_type=\"widget\" data-widget_type=\"heading.default\">\n\t\t\t\t<div class=\"elementor-widget-container\">\n\t\t\t\t\t<h4 class=\"elementor-heading-title elementor-size-default\">Ensayo general <br> Teatro Bellas Artes <br>Viernes 13 de marzo<\/h4>\t\t\t\t<\/div>\n\t\t\t\t<\/div>\n\t\t\t\t\t<\/div>\n\t\t<\/div>\n\t\t\t\t<div class=\"elementor-column elementor-col-50 elementor-top-column elementor-element elementor-element-56ce6ae\" data-id=\"56ce6ae\" data-element_type=\"column\">\n\t\t\t<div class=\"elementor-widget-wrap elementor-element-populated\">\n\t\t\t\t\t\t<div class=\"elementor-element elementor-element-70b180b elementor-invisible elementor-widget elementor-widget-image\" data-id=\"70b180b\" data-element_type=\"widget\" data-settings=\"{&quot;_animation&quot;:&quot;fadeInUp&quot;}\" data-widget_type=\"image.default\">\n\t\t\t\t<div class=\"elementor-widget-container\">\n\t\t\t\t\t\t\t\t\t\t\t\t\t\t\t\t<a href=\"https:\/\/www.clermont.edu.co\/index.php\/pagos-en-linea\/\">\n\t\t\t\t\t\t\t<img decoding=\"async\" width=\"576\" height=\"1024\" src=\"https:\/\/www.clermont.edu.co\/wp-content\/uploads\/2026\/02\/Show-Cultura-576x1024.png\" class=\"attachment-large size-large wp-image-7452\" alt=\"\" srcset=\"https:\/\/www.clermont.edu.co\/wp-content\/uploads\/2026\/02\/Show-Cultura-576x1024.png 576w, https:\/\/www.clermont.edu.co\/wp-content\/uploads\/2026\/02\/Show-Cultura-169x300.png 169w, https:\/\/www.clermont.edu.co\/wp-content\/uploads\/2026\/02\/Show-Cultura-768x1365.png 768w, https:\/\/www.clermont.edu.co\/wp-content\/uploads\/2026\/02\/Show-Cultura-864x1536.png 864w, https:\/\/www.clermont.edu.co\/wp-content\/uploads\/2026\/02\/Show-Cultura-1152x2048.png 1152w, https:\/\/www.clermont.edu.co\/wp-content\/uploads\/2026\/02\/Show-Cultura.png 1485w\" sizes=\"(max-width: 576px) 100vw, 576px\" \/>\t\t\t\t\t\t\t\t<\/a>\n\t\t\t\t\t\t\t\t\t\t\t\t\t\t\t<\/div>\n\t\t\t\t<\/div>\n\t\t\t\t\t<\/div>\n\t\t<\/div>\n\t\t\t\t\t<\/div>\n\t\t<\/section>\n\t\t\t\t<section class=\"elementor-section elementor-top-section elementor-element elementor-element-75378f4 elementor-section-boxed elementor-section-height-default elementor-section-height-default\" data-id=\"75378f4\" data-element_type=\"section\">\n\t\t\t\t\t\t<div class=\"elementor-container elementor-column-gap-default\">\n\t\t\t\t\t<div class=\"elementor-column elementor-col-100 elementor-top-column elementor-element elementor-element-2726e29\" data-id=\"2726e29\" data-element_type=\"column\">\n\t\t\t<div class=\"elementor-widget-wrap elementor-element-populated\">\n\t\t\t\t\t\t<div class=\"elementor-element elementor-element-6942bd7 elementor-align-center elementor-mobile-align-center animated-slow elementor-invisible elementor-widget elementor-widget-button\" data-id=\"6942bd7\" data-element_type=\"widget\" data-settings=\"{&quot;_animation&quot;:&quot;zoomIn&quot;}\" data-widget_type=\"button.default\">\n\t\t\t\t<div class=\"elementor-widget-container\">\n\t\t\t\t\t\t\t\t\t<div class=\"elementor-button-wrapper\">\n\t\t\t\t\t<a class=\"elementor-button elementor-size-sm elementor-animation-grow\" role=\"button\">\n\t\t\t\t\t\t<span class=\"elementor-button-content-wrapper\">\n\t\t\t\t\t\t\t\t\t<span class=\"elementor-button-text\">Conoce toda la informaci\u00f3n por taller<\/span>\n\t\t\t\t\t<\/span>\n\t\t\t\t\t<\/a>\n\t\t\t\t<\/div>\n\t\t\t\t\t\t\t\t<\/div>\n\t\t\t\t<\/div>\n\t\t\t\t\t<\/div>\n\t\t<\/div>\n\t\t\t\t\t<\/div>\n\t\t<\/section>\n\t\t\t\t<section class=\"elementor-section elementor-top-section elementor-element elementor-element-2661ab4 elementor-section-boxed elementor-section-height-default elementor-section-height-default\" data-id=\"2661ab4\" data-element_type=\"section\">\n\t\t\t\t\t\t<div class=\"elementor-container elementor-column-gap-default\">\n\t\t\t\t\t<div class=\"elementor-column elementor-col-50 elementor-top-column elementor-element elementor-element-0e5b8e8\" data-id=\"0e5b8e8\" data-element_type=\"column\">\n\t\t\t<div class=\"elementor-widget-wrap elementor-element-populated\">\n\t\t\t\t\t\t<div class=\"elementor-element elementor-element-8c5e717 elementor-widget elementor-widget-playstone-pricing\" data-id=\"8c5e717\" data-element_type=\"widget\" data-widget_type=\"playstone-pricing.default\">\n\t\t\t\t<div class=\"elementor-widget-container\">\n\t\t\t\t\t\t\t<div class=\"pricing-area-1\">\r\n\t\t\t<div class=\"title-area-1\">\r\n\t\t\t\t\t\t\t\r\n\t\t\t\t<div class=\"title-1\">\r\n\t\t\t\t\t<h2>Bachillerato<\/h2>\r\n\t\t\t\t<\/div>\r\n\t\t\t\t<div class=\"price-1\">\r\n\t\t\t\t\t<h1>Taller Danzas<\/h1>\r\n\t\t\t\t<\/div>\r\n\t\t\t<\/div>\r\n\t\t\t<div class=\"price-body-1\">\r\n\t\t\t\t<ul>\r\n\t\t\t\t\t<li><\/li>\t\t\t\t\t\r\n\t\t\t\t<\/ul>\r\n\t\t\t<\/div>\r\n\t\t\t\t\t\t\t<div class=\"price-button-1\">\r\n\t\t\t\t\t<a href=\"https:\/\/drive.google.com\/drive\/folders\/1Cw2qlep9yBjk2bsSXCwXiTWwr_39W92S?usp=sharing\" class=\"button-1\">Click Aqu\u00ed <i class=\"fa fa-arrow-right\"><\/i><\/a>\r\n\t\t\t\t<\/div>\r\n\t\t\t\t\t<\/div>\r\n\t\t\r\n\t\t\t\t\t<\/div>\n\t\t\t\t<\/div>\n\t\t\t\t<div class=\"elementor-element elementor-element-37f9637 elementor-widget elementor-widget-playstone-pricing\" data-id=\"37f9637\" data-element_type=\"widget\" data-widget_type=\"playstone-pricing.default\">\n\t\t\t\t<div class=\"elementor-widget-container\">\n\t\t\t\t\t\t\t<div class=\"pricing-area-1\">\r\n\t\t\t<div class=\"title-area-1\">\r\n\t\t\t\t\t\t\t\r\n\t\t\t\t<div class=\"title-1\">\r\n\t\t\t\t\t<h2>Preescolar y Primaria<\/h2>\r\n\t\t\t\t<\/div>\r\n\t\t\t\t<div class=\"price-1\">\r\n\t\t\t\t\t<h1>Danzas<\/h1>\r\n\t\t\t\t<\/div>\r\n\t\t\t<\/div>\r\n\t\t\t<div class=\"price-body-1\">\r\n\t\t\t\t<ul>\r\n\t\t\t\t\t<li><\/li>\t\t\t\t\t\r\n\t\t\t\t<\/ul>\r\n\t\t\t<\/div>\r\n\t\t\t\t\t\t\t<div class=\"price-button-1\">\r\n\t\t\t\t\t<a href=\"https:\/\/drive.google.com\/drive\/folders\/1xsz5n2GRyCKA58n783aJpG4g3s2Bv0n6?usp=sharing\" class=\"button-1\">Click Aqu\u00ed <i class=\"fa fa-arrow-right\"><\/i><\/a>\r\n\t\t\t\t<\/div>\r\n\t\t\t\t\t<\/div>\r\n\t\t\r\n\t\t\t\t\t<\/div>\n\t\t\t\t<\/div>\n\t\t\t\t<div class=\"elementor-element elementor-element-3aee1d3 elementor-widget elementor-widget-playstone-pricing\" data-id=\"3aee1d3\" data-element_type=\"widget\" data-widget_type=\"playstone-pricing.default\">\n\t\t\t\t<div class=\"elementor-widget-container\">\n\t\t\t\t\t\t\t<div class=\"pricing-area-1\">\r\n\t\t\t<div class=\"title-area-1\">\r\n\t\t\t\t\t\t\t\r\n\t\t\t\t<div class=\"title-1\">\r\n\t\t\t\t\t<h2>Taller<\/h2>\r\n\t\t\t\t<\/div>\r\n\t\t\t\t<div class=\"price-1\">\r\n\t\t\t\t\t<h1>Teatro<\/h1>\r\n\t\t\t\t<\/div>\r\n\t\t\t<\/div>\r\n\t\t\t<div class=\"price-body-1\">\r\n\t\t\t\t<ul>\r\n\t\t\t\t\t<li><\/li>\t\t\t\t\t\r\n\t\t\t\t<\/ul>\r\n\t\t\t<\/div>\r\n\t\t\t\t\t\t\t<div class=\"price-button-1\">\r\n\t\t\t\t\t<a href=\"https:\/\/drive.google.com\/drive\/folders\/1PvQe8Bp-9jF27S0M_28x7Q_Rtse5bq_E?usp=drive_link\" class=\"button-1\">Click Aqu\u00ed <i class=\"fa fa-arrow-right\"><\/i><\/a>\r\n\t\t\t\t<\/div>\r\n\t\t\t\t\t<\/div>\r\n\t\t\r\n\t\t\t\t\t<\/div>\n\t\t\t\t<\/div>\n\t\t\t\t\t<\/div>\n\t\t<\/div>\n\t\t\t\t<div class=\"elementor-column elementor-col-50 elementor-top-column elementor-element elementor-element-3952145\" data-id=\"3952145\" data-element_type=\"column\">\n\t\t\t<div class=\"elementor-widget-wrap elementor-element-populated\">\n\t\t\t\t\t\t<div class=\"elementor-element elementor-element-bc011b9 elementor-widget elementor-widget-playstone-pricing\" data-id=\"bc011b9\" data-element_type=\"widget\" data-widget_type=\"playstone-pricing.default\">\n\t\t\t\t<div class=\"elementor-widget-container\">\n\t\t\t\t\t\t\t<div class=\"pricing-area-1\">\r\n\t\t\t<div class=\"title-area-1\">\r\n\t\t\t\t\t\t\t\r\n\t\t\t\t<div class=\"title-1\">\r\n\t\t\t\t\t<h2>Taller<\/h2>\r\n\t\t\t\t<\/div>\r\n\t\t\t\t<div class=\"price-1\">\r\n\t\t\t\t\t<h1>Artes<\/h1>\r\n\t\t\t\t<\/div>\r\n\t\t\t<\/div>\r\n\t\t\t<div class=\"price-body-1\">\r\n\t\t\t\t<ul>\r\n\t\t\t\t\t<li><\/li>\t\t\t\t\t\r\n\t\t\t\t<\/ul>\r\n\t\t\t<\/div>\r\n\t\t\t\t\t\t\t<div class=\"price-button-1\">\r\n\t\t\t\t\t<a href=\"https:\/\/drive.google.com\/drive\/folders\/1ef6hJjW4v98-Lhu-RtvUZIVjd7BfUo6F?usp=sharing\" class=\"button-1\">Click Aqu\u00ed <i class=\"fa fa-arrow-right\"><\/i><\/a>\r\n\t\t\t\t<\/div>\r\n\t\t\t\t\t<\/div>\r\n\t\t\r\n\t\t\t\t\t<\/div>\n\t\t\t\t<\/div>\n\t\t\t\t<div class=\"elementor-element elementor-element-5fc325a elementor-widget elementor-widget-playstone-pricing\" data-id=\"5fc325a\" data-element_type=\"widget\" data-widget_type=\"playstone-pricing.default\">\n\t\t\t\t<div class=\"elementor-widget-container\">\n\t\t\t\t\t\t\t<div class=\"pricing-area-1\">\r\n\t\t\t<div class=\"title-area-1\">\r\n\t\t\t\t\t\t\t\r\n\t\t\t\t<div class=\"title-1\">\r\n\t\t\t\t\t<h2>Taller<\/h2>\r\n\t\t\t\t<\/div>\r\n\t\t\t\t<div class=\"price-1\">\r\n\t\t\t\t\t<h1>Vocal<\/h1>\r\n\t\t\t\t<\/div>\r\n\t\t\t<\/div>\r\n\t\t\t<div class=\"price-body-1\">\r\n\t\t\t\t<ul>\r\n\t\t\t\t\t<li><\/li>\t\t\t\t\t\r\n\t\t\t\t<\/ul>\r\n\t\t\t<\/div>\r\n\t\t\t\t\t\t\t<div class=\"price-button-1\">\r\n\t\t\t\t\t<a href=\"https:\/\/drive.google.com\/drive\/folders\/1p2QXb1tDBLfIK7oXPL7IrZmT7Qra__3r?usp=sharing\" class=\"button-1\">Click Aqu\u00ed <i class=\"fa fa-arrow-right\"><\/i><\/a>\r\n\t\t\t\t<\/div>\r\n\t\t\t\t\t<\/div>\r\n\t\t\r\n\t\t\t\t\t<\/div>\n\t\t\t\t<\/div>\n\t\t\t\t<div class=\"elementor-element elementor-element-90a9da5 elementor-widget elementor-widget-playstone-pricing\" data-id=\"90a9da5\" data-element_type=\"widget\" data-widget_type=\"playstone-pricing.default\">\n\t\t\t\t<div class=\"elementor-widget-container\">\n\t\t\t\t\t\t\t<div class=\"pricing-area-1\">\r\n\t\t\t<div class=\"title-area-1\">\r\n\t\t\t\t\t\t\t\r\n\t\t\t\t<div class=\"title-1\">\r\n\t\t\t\t\t<h2>Taller<\/h2>\r\n\t\t\t\t<\/div>\r\n\t\t\t\t<div class=\"price-1\">\r\n\t\t\t\t\t<h1>Instrumental<\/h1>\r\n\t\t\t\t<\/div>\r\n\t\t\t<\/div>\r\n\t\t\t<div class=\"price-body-1\">\r\n\t\t\t\t<ul>\r\n\t\t\t\t\t<li><\/li>\t\t\t\t\t\r\n\t\t\t\t<\/ul>\r\n\t\t\t<\/div>\r\n\t\t\t\t\t\t\t<div class=\"price-button-1\">\r\n\t\t\t\t\t<a href=\"https:\/\/drive.google.com\/drive\/folders\/1K2ebxrAB_afeK2-w6hSdD06h14azLyOp?usp=sharing\" class=\"button-1\">Click Aqu\u00ed <i class=\"fa fa-arrow-right\"><\/i><\/a>\r\n\t\t\t\t<\/div>\r\n\t\t\t\t\t<\/div>\r\n\t\t\r\n\t\t\t\t\t<\/div>\n\t\t\t\t<\/div>\n\t\t\t\t\t<\/div>\n\t\t<\/div>\n\t\t\t\t\t<\/div>\n\t\t<\/section>\n\t\t\t\t<\/div>\n\t\t","protected":false},"excerpt":{"rendered":"<p>Show Cultural 2026 S\u00e1bado 14 de marzo Teatro de Bellas Artes Ensayo general Teatro Bellas Artes Viernes 13 de marzo Conoce toda la informaci\u00f3n por taller Bachillerato Taller Danzas Click Aqu\u00ed Preescolar y Primaria Danzas Click Aqu\u00ed Taller Teatro Click [&hellip;]<\/p>\n","protected":false},"author":5,"featured_media":0,"parent":0,"menu_order":0,"comment_status":"closed","ping_status":"closed","template":"page-builder.php","meta":{"_joinchat":[],"footnotes":""},"folder":[],"class_list":["post-4085","page","type-page","status-publish","hentry"],"_links":{"self":[{"href":"https:\/\/www.clermont.edu.co\/index.php\/wp-json\/wp\/v2\/pages\/4085","targetHints":{"allow":["GET"]}}],"collection":[{"href":"https:\/\/www.clermont.edu.co\/index.php\/wp-json\/wp\/v2\/pages"}],"about":[{"href":"https:\/\/www.clermont.edu.co\/index.php\/wp-json\/wp\/v2\/types\/page"}],"author":[{"embeddable":true,"href":"https:\/\/www.clermont.edu.co\/index.php\/wp-json\/wp\/v2\/users\/5"}],"replies":[{"embeddable":true,"href":"https:\/\/www.clermont.edu.co\/index.php\/wp-json\/wp\/v2\/comments?post=4085"}],"version-history":[{"count":87,"href":"https:\/\/www.clermont.edu.co\/index.php\/wp-json\/wp\/v2\/pages\/4085\/revisions"}],"predecessor-version":[{"id":7464,"href":"https:\/\/www.clermont.edu.co\/index.php\/wp-json\/wp\/v2\/pages\/4085\/revisions\/7464"}],"wp:attachment":[{"href":"https:\/\/www.clermont.edu.co\/index.php\/wp-json\/wp\/v2\/media?parent=4085"}],"wp:term":[{"taxonomy":"folder","embeddable":true,"href":"https:\/\/www.clermont.edu.co\/index.php\/wp-json\/wp\/v2\/folder?post=4085"}],"curies":[{"name":"wp","href":"https:\/\/api.w.org\/{rel}","templated":true}]}}