{"id":1629,"date":"2023-05-24T16:31:08","date_gmt":"2023-05-24T21:31:08","guid":{"rendered":"https:\/\/www.clermont.edu.co\/?page_id=1629"},"modified":"2025-07-29T11:32:44","modified_gmt":"2025-07-29T16:32:44","slug":"uniformes","status":"publish","type":"page","link":"https:\/\/www.clermont.edu.co\/index.php\/uniformes\/","title":{"rendered":"Uniformes"},"content":{"rendered":"\t\t<div data-elementor-type=\"wp-post\" data-elementor-id=\"1629\" class=\"elementor elementor-1629\">\n\t\t\t\t\t\t<section class=\"elementor-section elementor-top-section elementor-element elementor-element-acbfddf elementor-section-boxed elementor-section-height-default elementor-section-height-default\" data-id=\"acbfddf\" data-element_type=\"section\">\n\t\t\t\t\t\t<div class=\"elementor-container elementor-column-gap-default\">\n\t\t\t\t\t<div class=\"elementor-column elementor-col-100 elementor-top-column elementor-element elementor-element-b207cb6\" data-id=\"b207cb6\" data-element_type=\"column\">\n\t\t\t<div class=\"elementor-widget-wrap elementor-element-populated\">\n\t\t\t\t\t\t<div class=\"elementor-element elementor-element-912e54b elementor-widget elementor-widget-playstone-title\" data-id=\"912e54b\" data-element_type=\"widget\" data-widget_type=\"playstone-title.default\">\n\t\t\t\t<div class=\"elementor-widget-container\">\n\t\t\t\t\t\t\t\n\t\t\n\t\t<div class=\"section-title wow zoomIn text-center\">\n\t\t\t<h2>A continuaci\u00f3n encontrar\u00e1 la informaci\u00f3n de Nuestros proveedores autorizados para la venta de uniformes.<\/h2>\n\t\t\t<span><\/span>\n\t\t\t\t\t<\/div>\t\t\n\t\t\n\t\t\t\t\t<\/div>\n\t\t\t\t<\/div>\n\t\t\t\t\t<\/div>\n\t\t<\/div>\n\t\t\t\t\t<\/div>\n\t\t<\/section>\n\t\t\t\t<section class=\"elementor-section elementor-top-section elementor-element elementor-element-d173706 elementor-section-boxed elementor-section-height-default elementor-section-height-default\" data-id=\"d173706\" data-element_type=\"section\">\n\t\t\t\t\t\t<div class=\"elementor-container elementor-column-gap-no\">\n\t\t\t\t\t<div class=\"elementor-column elementor-col-100 elementor-top-column elementor-element elementor-element-b2ca55d\" data-id=\"b2ca55d\" data-element_type=\"column\">\n\t\t\t<div class=\"elementor-widget-wrap\">\n\t\t\t\t\t\t\t<\/div>\n\t\t<\/div>\n\t\t\t\t\t<\/div>\n\t\t<\/section>\n\t\t\t\t<section class=\"elementor-section elementor-top-section elementor-element elementor-element-7a3078d elementor-section-boxed elementor-section-height-default elementor-section-height-default\" data-id=\"7a3078d\" data-element_type=\"section\">\n\t\t\t\t\t\t<div class=\"elementor-container elementor-column-gap-default\">\n\t\t\t\t\t<div class=\"elementor-column elementor-col-50 elementor-top-column elementor-element elementor-element-05f051d\" data-id=\"05f051d\" data-element_type=\"column\">\n\t\t\t<div class=\"elementor-widget-wrap elementor-element-populated\">\n\t\t\t\t\t\t<div class=\"elementor-element elementor-element-f7105e1 elementor-widget elementor-widget-image\" data-id=\"f7105e1\" data-element_type=\"widget\" data-widget_type=\"image.default\">\n\t\t\t\t<div class=\"elementor-widget-container\">\n\t\t\t\t\t\t\t\t\t\t\t\t\t\t\t\t<a href=\"https:\/\/www.caracolitosuniformes.com\/productos.php?colegio=229\">\n\t\t\t\t\t\t\t<img fetchpriority=\"high\" decoding=\"async\" width=\"640\" height=\"806\" src=\"https:\/\/www.clermont.edu.co\/wp-content\/uploads\/2024\/08\/4.jpg\" class=\"attachment-large size-large wp-image-2857\" alt=\"\" srcset=\"https:\/\/www.clermont.edu.co\/wp-content\/uploads\/2024\/08\/4.jpg 800w, https:\/\/www.clermont.edu.co\/wp-content\/uploads\/2024\/08\/4-238x300.jpg 238w, https:\/\/www.clermont.edu.co\/wp-content\/uploads\/2024\/08\/4-768x968.jpg 768w\" sizes=\"(max-width: 640px) 100vw, 640px\" \/>\t\t\t\t\t\t\t\t<\/a>\n\t\t\t\t\t\t\t\t\t\t\t\t\t\t\t<\/div>\n\t\t\t\t<\/div>\n\t\t\t\t\t<\/div>\n\t\t<\/div>\n\t\t\t\t<div class=\"elementor-column elementor-col-50 elementor-top-column elementor-element elementor-element-9952f1b\" data-id=\"9952f1b\" data-element_type=\"column\">\n\t\t\t<div class=\"elementor-widget-wrap elementor-element-populated\">\n\t\t\t\t\t\t<div class=\"elementor-element elementor-element-e7b505d elementor-widget elementor-widget-image\" data-id=\"e7b505d\" data-element_type=\"widget\" data-widget_type=\"image.default\">\n\t\t\t\t<div class=\"elementor-widget-container\">\n\t\t\t\t\t\t\t\t\t\t\t\t\t\t\t<img decoding=\"async\" width=\"628\" height=\"964\" src=\"https:\/\/www.clermont.edu.co\/wp-content\/uploads\/2025\/07\/Volante-dia-festivo.jpg\" class=\"attachment-large size-large wp-image-4551\" alt=\"\" srcset=\"https:\/\/www.clermont.edu.co\/wp-content\/uploads\/2025\/07\/Volante-dia-festivo.jpg 628w, https:\/\/www.clermont.edu.co\/wp-content\/uploads\/2025\/07\/Volante-dia-festivo-195x300.jpg 195w\" sizes=\"(max-width: 628px) 100vw, 628px\" \/>\t\t\t\t\t\t\t\t\t\t\t\t\t\t\t<\/div>\n\t\t\t\t<\/div>\n\t\t\t\t\t<\/div>\n\t\t<\/div>\n\t\t\t\t\t<\/div>\n\t\t<\/section>\n\t\t\t\t<section class=\"elementor-section elementor-top-section elementor-element elementor-element-e6787fc elementor-section-boxed elementor-section-height-default elementor-section-height-default\" data-id=\"e6787fc\" data-element_type=\"section\">\n\t\t\t\t\t\t<div class=\"elementor-container elementor-column-gap-default\">\n\t\t\t\t\t<div class=\"elementor-column elementor-col-100 elementor-top-column elementor-element elementor-element-242e9e4\" data-id=\"242e9e4\" data-element_type=\"column\">\n\t\t\t<div class=\"elementor-widget-wrap elementor-element-populated\">\n\t\t\t\t\t\t<div class=\"elementor-element elementor-element-a6b727c elementor-widget elementor-widget-image\" data-id=\"a6b727c\" data-element_type=\"widget\" data-widget_type=\"image.default\">\n\t\t\t\t<div class=\"elementor-widget-container\">\n\t\t\t\t\t\t\t\t\t\t\t\t\t\t\t<img decoding=\"async\" width=\"635\" height=\"440\" src=\"https:\/\/www.clermont.edu.co\/wp-content\/uploads\/2025\/07\/image.png\" class=\"attachment-large size-large wp-image-4547\" alt=\"\" srcset=\"https:\/\/www.clermont.edu.co\/wp-content\/uploads\/2025\/07\/image.png 635w, https:\/\/www.clermont.edu.co\/wp-content\/uploads\/2025\/07\/image-300x208.png 300w\" sizes=\"(max-width: 635px) 100vw, 635px\" \/>\t\t\t\t\t\t\t\t\t\t\t\t\t\t\t<\/div>\n\t\t\t\t<\/div>\n\t\t\t\t\t<\/div>\n\t\t<\/div>\n\t\t\t\t\t<\/div>\n\t\t<\/section>\n\t\t\t\t<section class=\"elementor-section elementor-top-section elementor-element elementor-element-58b3db7 elementor-section-boxed elementor-section-height-default elementor-section-height-default\" data-id=\"58b3db7\" data-element_type=\"section\">\n\t\t\t\t\t\t<div class=\"elementor-container elementor-column-gap-default\">\n\t\t\t\t\t<div class=\"elementor-column elementor-col-50 elementor-top-column elementor-element elementor-element-ac2b109\" data-id=\"ac2b109\" data-element_type=\"column\">\n\t\t\t<div class=\"elementor-widget-wrap elementor-element-populated\">\n\t\t\t\t\t\t<div class=\"elementor-element elementor-element-3d20af9 elementor-widget__width-initial elementor-widget elementor-widget-image\" data-id=\"3d20af9\" data-element_type=\"widget\" data-widget_type=\"image.default\">\n\t\t\t\t<div class=\"elementor-widget-container\">\n\t\t\t\t\t\t\t\t\t\t\t\t\t\t\t<img decoding=\"async\" src=\"https:\/\/www.clermont.edu.co\/wp-content\/uploads\/2025\/07\/UNIFORMES-RHAP-1-1.png\" title=\"\" alt=\"\" loading=\"lazy\" \/>\t\t\t\t\t\t\t\t\t\t\t\t\t\t\t<\/div>\n\t\t\t\t<\/div>\n\t\t\t\t\t<\/div>\n\t\t<\/div>\n\t\t\t\t<div class=\"elementor-column elementor-col-50 elementor-top-column elementor-element elementor-element-6569f30\" data-id=\"6569f30\" data-element_type=\"column\">\n\t\t\t<div class=\"elementor-widget-wrap elementor-element-populated\">\n\t\t\t\t\t\t<div class=\"elementor-element elementor-element-f394954 elementor-widget elementor-widget-image\" data-id=\"f394954\" data-element_type=\"widget\" data-widget_type=\"image.default\">\n\t\t\t\t<div class=\"elementor-widget-container\">\n\t\t\t\t\t\t\t\t\t\t\t\t\t\t\t<img decoding=\"async\" src=\"https:\/\/www.clermont.edu.co\/wp-content\/uploads\/2025\/07\/UNIFORMES-RHAP-1-2.png\" title=\"\" alt=\"\" loading=\"lazy\" \/>\t\t\t\t\t\t\t\t\t\t\t\t\t\t\t<\/div>\n\t\t\t\t<\/div>\n\t\t\t\t\t<\/div>\n\t\t<\/div>\n\t\t\t\t\t<\/div>\n\t\t<\/section>\n\t\t\t\t<\/div>\n\t\t","protected":false},"excerpt":{"rendered":"<p>A continuaci\u00f3n encontrar\u00e1 la informaci\u00f3n de Nuestros proveedores autorizados para la venta de uniformes.<\/p>\n","protected":false},"author":5,"featured_media":0,"parent":0,"menu_order":0,"comment_status":"closed","ping_status":"closed","template":"page-builder.php","meta":{"_joinchat":[],"footnotes":""},"folder":[],"class_list":["post-1629","page","type-page","status-publish","hentry"],"_links":{"self":[{"href":"https:\/\/www.clermont.edu.co\/index.php\/wp-json\/wp\/v2\/pages\/1629","targetHints":{"allow":["GET"]}}],"collection":[{"href":"https:\/\/www.clermont.edu.co\/index.php\/wp-json\/wp\/v2\/pages"}],"about":[{"href":"https:\/\/www.clermont.edu.co\/index.php\/wp-json\/wp\/v2\/types\/page"}],"author":[{"embeddable":true,"href":"https:\/\/www.clermont.edu.co\/index.php\/wp-json\/wp\/v2\/users\/5"}],"replies":[{"embeddable":true,"href":"https:\/\/www.clermont.edu.co\/index.php\/wp-json\/wp\/v2\/comments?post=1629"}],"version-history":[{"count":40,"href":"https:\/\/www.clermont.edu.co\/index.php\/wp-json\/wp\/v2\/pages\/1629\/revisions"}],"predecessor-version":[{"id":4554,"href":"https:\/\/www.clermont.edu.co\/index.php\/wp-json\/wp\/v2\/pages\/1629\/revisions\/4554"}],"wp:attachment":[{"href":"https:\/\/www.clermont.edu.co\/index.php\/wp-json\/wp\/v2\/media?parent=1629"}],"wp:term":[{"taxonomy":"folder","embeddable":true,"href":"https:\/\/www.clermont.edu.co\/index.php\/wp-json\/wp\/v2\/folder?post=1629"}],"curies":[{"name":"wp","href":"https:\/\/api.w.org\/{rel}","templated":true}]}}